{"id":26,"date":"2018-10-11T09:39:13","date_gmt":"2018-10-11T07:39:13","guid":{"rendered":"http:\/\/www.mc-medcon.com\/?page_id=26"},"modified":"2020-01-29T11:09:14","modified_gmt":"2020-01-29T10:09:14","slug":"bewerber","status":"publish","type":"page","link":"http:\/\/www.bc-service-de.com\/?page_id=26","title":{"rendered":"Bewerber"},"content":{"rendered":"<h1>Wir suchen Sie!<br \/>\nWerden Sie Teil unseres Erfolges.<\/h1>\n<p>Die moderne Arbeitswelt, insbesondere der medizinische und pflegerische Fachbereich, ist einem st\u00e4ndigen Wandel unterworfen. Flexibilit\u00e4t, Kompetenz und die Bereitschaft sich neuen Arbeitsabl\u00e4ufen anzupassen sind nur einige Schlagw\u00f6rter, die das Arbeitsleben heutzutage pr\u00e4gen.<\/p>\n<p>Aus diesem Grund suchen wir Mitarbeiter aus allen medizinischen und pflegerischen Bereichen. Unser Bet\u00e4tigungsfeld erstreckt sich von der Grundpflege in Pflegeeinrichtungen bis hin zur \u00e4rztlichen Leitung einer Krankenanstalt.<\/p>\n<p><strong>Sie suchen eine neue Arbeitsstelle oder m\u00f6chten sich ver\u00e4ndern?<br \/>\n<\/strong>Ob Berufseinsteiger oder bereits langj\u00e4hrige Erfahrung \u2013 wir haben eine passende Arbeitsstelle.<\/p>\n<p><strong>Neugierig geworden?<\/strong><br \/>\nDann bewerben Sie sich noch heute. Wir freuen uns Sie kennenzulernen!<\/p>\n<h2>Wir erwarten<\/h2>\n<ul>\n<li>Abgeschlossene Ausbildung im medizinischen \/ pflegerischen Fachbereich<\/li>\n<li>Interesse und Freude am Beruf<\/li>\n<li>Pers\u00f6nlichkeit mit sozialer Kompetenz<\/li>\n<li>Zuverl\u00e4ssigkeit und Verantwortungsbewusstsein<\/li>\n<li>Freude am Umgang mit Menschen<\/li>\n<li>Loyalit\u00e4t<\/li>\n<li>Wirtschaftliches Denken und Handeln<\/li>\n<li>Neugier, Kommunikationsfreude und Teamf\u00e4higkeit<\/li>\n<li>Bereitschaft zur Fort- und Weiterbildung<\/li>\n<\/ul>\n<h2>Wir bieten<\/h2>\n<ul>\n<li>\u00dcberdurchschnittliche Verdienstm\u00f6glichkeiten<\/li>\n<li>Unbefristeter Dienstvertrag<\/li>\n<li>Sie haben die Wahl zwischen einem \u00f6sterreichischen oder deutschen Dienstvertrag. Wir weisen darauf hin da\u00df in\u00a0\u00d6sterreich \u00fcblicherweise \u00a014 Monatsgeh\u00e4lter per anno ausbezahlt werden.<\/li>\n<li>Breites Spektrum an interessanten Einsatzm\u00f6glichkeiten in Krankenh\u00e4usern, Privatkliniken, Reha-Kliniken oder Pflege-einrichtungen in \u00d6sterreich und Deutschland<\/li>\n<li>Die M\u00f6glichkeit Know-how in vielen Bereichen zu erweitern<\/li>\n<li>Die M\u00f6glichkeit zur Fort- und Weiterbildung<\/li>\n<li>Die M\u00f6glichkeit ohne K\u00fcndigung einen Arbeitsplatzwechsel vorzunehmen<\/li>\n<li>Unterst\u00fctzung bei der Durchf\u00fchrung der Berufszulassung<\/li>\n<li>Beteiligung an den Kosten f\u00fcr die Unterkunft<\/li>\n<li>R\u00fcckerstattung der Kosten f\u00fcr die Berufszulassung nach einem Jahr guter Zusammenarbeit<\/li>\n<li>Betreuung durch unsere kompetenten Office MitarbeiterInnen<\/li>\n<\/ul>\n","protected":false},"excerpt":{"rendered":"<p>Wir suchen Sie! Werden Sie Teil unseres Erfolges. Die moderne Arbeitswelt, insbesondere der medizinische und pflegerische Fachbereich, ist einem st\u00e4ndigen Wandel unterworfen. Flexibilit\u00e4t, Kompetenz und die Bereitschaft sich neuen Arbeitsabl\u00e4ufen anzupassen sind nur einige Schlagw\u00f6rter, die das Arbeitsleben heutzutage pr\u00e4gen. Aus diesem Grund suchen wir Mitarbeiter aus allen medizinischen und pflegerischen Bereichen. Unser Bet\u00e4tigungsfeld erstreckt &hellip; <\/p>\n<p class=\"link-more\"><a href=\"http:\/\/www.bc-service-de.com\/?page_id=26\" class=\"more-link\"><span class=\"screen-reader-text\">\u201eBewerber\u201c<\/span> weiterlesen<\/a><\/p>\n","protected":false},"author":2,"featured_media":0,"parent":0,"menu_order":0,"comment_status":"closed","ping_status":"closed","template":"","meta":[],"_links":{"self":[{"href":"http:\/\/www.bc-service-de.com\/index.php?rest_route=\/wp\/v2\/pages\/26"}],"collection":[{"href":"http:\/\/www.bc-service-de.com\/index.php?rest_route=\/wp\/v2\/pages"}],"about":[{"href":"http:\/\/www.bc-service-de.com\/index.php?rest_route=\/wp\/v2\/types\/page"}],"author":[{"embeddable":true,"href":"http:\/\/www.bc-service-de.com\/index.php?rest_route=\/wp\/v2\/users\/2"}],"replies":[{"embeddable":true,"href":"http:\/\/www.bc-service-de.com\/index.php?rest_route=%2Fwp%2Fv2%2Fcomments&post=26"}],"version-history":[{"count":3,"href":"http:\/\/www.bc-service-de.com\/index.php?rest_route=\/wp\/v2\/pages\/26\/revisions"}],"predecessor-version":[{"id":235,"href":"http:\/\/www.bc-service-de.com\/index.php?rest_route=\/wp\/v2\/pages\/26\/revisions\/235"}],"wp:attachment":[{"href":"http:\/\/www.bc-service-de.com\/index.php?rest_route=%2Fwp%2Fv2%2Fmedia&parent=26"}],"curies":[{"name":"wp","href":"https:\/\/api.w.org\/{rel}","templated":true}]}}